{"id":1135,"date":"2021-06-11T20:28:59","date_gmt":"2021-06-11T11:28:59","guid":{"rendered":"https:\/\/www.icot.or.jp\/?page_id=1135"},"modified":"2025-04-23T15:11:45","modified_gmt":"2025-04-23T06:11:45","slug":"concerts_ja","status":"publish","type":"page","link":"https:\/\/www.icot.or.jp\/?page_id=1135&lang=ja","title":{"rendered":"\u4e3b\u50ac\u516c\u6f14"},"content":{"rendered":"\n<h2><strong>2025\u5e745\u67081\u65e5(\u6728)<br \/><\/strong><a href=\"https:\/\/www.icot.or.jp\/?page_id=1714&amp;lang=ja\"><strong>\u30dd\u30fc\u30eb\u30fb\u30b9\u30df\u30b9\u3000\u6765\u65e5\u30ef\u30fc\u30af\u30b7\u30e7\u30c3\u30d7<\/strong><\/a><\/h2>\n<p><img loading=\"lazy\" decoding=\"async\" class=\"aligncenter size-medium wp-image-1712\" src=\"https:\/\/www.icot.or.jp\/wp-content\/uploads\/2025\/04\/b9a75a2fbb5dcf78e7f797586d33e771-212x300.png\" alt=\"\" width=\"212\" height=\"300\" srcset=\"https:\/\/www.icot.or.jp\/wp-content\/uploads\/2025\/04\/b9a75a2fbb5dcf78e7f797586d33e771-212x300.png 212w, https:\/\/www.icot.or.jp\/wp-content\/uploads\/2025\/04\/b9a75a2fbb5dcf78e7f797586d33e771-724x1024.png 724w, https:\/\/www.icot.or.jp\/wp-content\/uploads\/2025\/04\/b9a75a2fbb5dcf78e7f797586d33e771-768x1086.png 768w, https:\/\/www.icot.or.jp\/wp-content\/uploads\/2025\/04\/b9a75a2fbb5dcf78e7f797586d33e771-1086x1536.png 1086w, https:\/\/www.icot.or.jp\/wp-content\/uploads\/2025\/04\/b9a75a2fbb5dcf78e7f797586d33e771.png 1414w\" sizes=\"(max-width: 212px) 100vw, 212px\" \/><\/p>\n<p><br \/>\u4f1a\u5834\uff1a\u6749\u4e26\u516c\u4f1a\u5802 \u5c0f\u30db\u30fc\u30eb<br \/>16:00- \u500b\u4eba\u30ec\u30c3\u30b9\u30f3(\u8074\u8b1b\u306e\u307f\u7533\u8fbc\u53d7\u4ed8\u4e2d)<br \/>19:30- \u30ef\u30fc\u30af\u30b7\u30e7\u30c3\u30d7<br \/>Nunc Dimittis \u4f5c\u66f2 Paul Smith<br \/>Locus Iste \u4f5c\u66f2 Anton Bruckner<\/p>\n<p>\ud83c\udf19\u591c\u306e\u90e8<br \/>19:30- \u30ef\u30fc\u30af\u30b7\u30e7\u30c3\u30d7<br \/>\u53c2\u52a0\u8cbb3,000\u5186\uff08\u5b66\u751f2,000\u5186\uff09<br \/>\u30c1\u30b1\u30c3\u30c8\u306f<a href=\"https:\/\/teket.jp\/9976\/48771\">\u3053\u3061\u3089<\/a><br \/>https:\/\/teket.jp\/9976\/48771<br \/>\u203b\u5915\u65b9\u306e\u500b\u4eba\u30ec\u30c3\u30b9\u30f3\u306e\u8074\u8b1b\u5e0c\u671b\u306e\u65b9(2,000\u5186)\u3082\u3053\u3061\u3089\u3088\u308a\u30c1\u30b1\u30c3\u30c8\u3092\u304a\u8cb7\u3044\u6c42\u3081\u304f\u3060\u3055\u3044\u3002<\/p>\n<p>\u203b\u5f53\u65e5\u5238\u306f\u3001\u5168\u3066500\u5186\u5897\u3057\u3068\u306a\u308a\u307e\u3059\u3002<br \/>\u4e8b\u524d\u306b\u5b9a\u54e1\u306b\u9054\u3057\u305f\u5834\u5408\u3001\u5f53\u65e5\u5238\u304c\u51fa\u306a\u3044\u5834\u5408\u3082\u3054\u3056\u3044\u307e\u3059\u306e\u3067\u3001\u304a\u65e9\u3081\u306b\u30c1\u30b1\u30c3\u30c8\u3092\u304a\u7533\u3057\u8fbc\u307f\u304f\u3060\u3055\u3044\u3002<\/p>\n<p>\u00a0<\/p>\n<style>#sp-ea-1467 .spcollapsing { height: 0; overflow: hidden; transition-property: height;transition-duration: 300ms;}#sp-ea-1467.sp-easy-accordion>.sp-ea-single {margin-bottom: 10px; border: 1px solid #e2e2e2; }#sp-ea-1467.sp-easy-accordion>.sp-ea-single>.ea-header a {color: #444;}#sp-ea-1467.sp-easy-accordion>.sp-ea-single>.sp-collapse>.ea-body {background: #fff; color: #444;}#sp-ea-1467.sp-easy-accordion>.sp-ea-single {background: #eee;}#sp-ea-1467.sp-easy-accordion>.sp-ea-single>.ea-header a .ea-expand-icon { float: left; color: #444;font-size: 16px;}<\/style><div id=\"sp_easy_accordion-1714715142\"><div id=\"sp-ea-1467\" class=\"sp-ea-one sp-easy-accordion\" data-ex-icon=\"minus\" data-col-icon=\"plus\"  data-ea-active=\"ea-click\"  data-ea-mode=\"vertical\" data-preloader=\"\" data-scroll-active-item=\"\" data-offset-to-scroll=\"0\"><div class=\"ea-card ea-expand sp-ea-single\"><h3 class=\"ea-header\"><a class=\"collapsed\" id=\"ea-header-14670\" data-sptoggle=\"spcollapse\" data-sptarget=\"#collapse14670\" aria-controls=\"collapse14670\" href=\"javascript:void(0)\"  aria-expanded=\"true\" tabindex=\"0\"><i class=\"ea-expand-icon ea-icon-expand-minus\"><\/i> \u904e\u53bb\u306e\u4e3b\u50ac\u516c\u6f14<\/a><\/h3><div class=\"sp-collapse spcollapse collapsed show\" id=\"collapse14670\" data-parent=\"#sp-ea-1467\" role=\"region\" aria-labelledby=\"ea-header-14670\"><div class=\"ea-body\"><h3>2025\u5e744\u670820\u65e5(\u65e5)<\/h3>\n<p><strong><a href=\"https:\/\/www.icot.or.jp\/?page_id=1706&amp;lang=ja\">\u9999\u6e2f\u30fb\u516b\u738b\u5b50\u5150\u7ae5\u5408\u5531\u4ea4\u6d41\u30d7\u30ed\u30b0\u30e9\u30e0\u3000\u30b8\u30e7\u30a4\u30f3\u30c8\u30b3\u30f3\u30b5\u30fc\u30c8<\/a><br \/>\n<\/strong><\/p>\n<p>\u3000\u5317\u91ce\u5e02\u6c11\u30bb\u30f3\u30bf\u30fc8\u968e\u30db\u30fc\u30eb<br \/>\n\u3000\u958b\u5834 13:30 \/ \u958b\u6f14 14:00<\/p>\n<p>\u51fa\u6f14\uff1a<br \/>\nYuen Long Children's Choir (\u5143\u6717\u5152\u7ae5\u5408\u5531\u5718)<br \/>\n\u306f\u3061\u304a\u3046\u3058\u30ad\u30c3\u30ba\u30b7\u30f3\u30ac\u30fc\u30ba<\/p>\n<h3>2024\u5e7411\u67084\u65e5(\u6708\u795d)<\/h3>\n<p><strong>\u5343\u539f\u82f1\u559c\u500b\u5c55<br \/>\n<\/strong><\/p>\n<p>\u3000\u7d00\u5c3e\u4e95\u30db\u30fc\u30eb<br \/>\n\u3000\u958b\u5834 13:15 \/ \u958b\u6f14 14:00<\/p>\n<p>\u3000Missa \u275dQuattro Ragazzi\u275e -Journey of faith, hope and love.\u3010\u59d4\u5631\u521d\u6f14\u3011<br \/>\n\u5150\u7ae5\u5408\u5531(\u5973\u58f0\u5408\u5531)\u3068\u30d4\u30a2\u30ce\u306e\u305f\u3081\u306e\u7d44\u66f2\u300c\u9280\u6cb3\u9244\u9053\u306e\u591c\u300d<br \/>\n\u51fa\u6f14\uff1a<br \/>\n\u677e\u4e0b \u8015(\u6307\u63ee)\u3001\u524d\u7530\u52dd\u5247(\u30d4\u30a2\u30ce)\u3001<br \/>\nThe Metropolitan Chorus of Tokyo \/ \u6771\u4eac\u30e1\u30c8\u30ed\u30dd\u30ea\u30bf\u30f3\u5408\u5531\u56e3<br class=\"html-br\" \/><br \/>\nSt. Cecilia Vocal Creators \/ \u8056\u30bb\u30b7\u30ea\u30a2\u5973\u58f0\u5408\u5531\u56e3<br class=\"html-br\" \/><br \/>\nHachioji Kids Singers \/ \u5531\u90fd\u516b\u738b\u5b50\u5150\u7ae5\u5408\u5531\u56e3\u306f\u3061\u304a\u3046\u3058\u30ad\u30c3\u30ba\u30b7\u30f3\u30ac\u30fc\u30ba<\/p>\n<p>\u30c1\u30b1\u30c3\u30c8\u306f<a href=\"https:\/\/t.livepocket.jp\/e\/kc2024?fbclid=IwY2xjawFT5U1leHRuA2FlbQIxMAABHcXxnOYfpniC8SzeA4SN11qwz-FVAnesOt8eOKfjzBdGNJNNpWumjVf0Cg_aem_RxvpePtPiz4V_Vrf1dDVNA\">\u3053\u3061\u3089<\/a>\u3088\u308a\u304a\u6c42\u3081\u304f\u3060\u3055\u3044\u3002<\/p>\n<h3>2023\u5e7410\u67085\u65e5(\u6728)<\/h3>\n<p><strong><a href=\"https:\/\/edition.icot.or.jp\/elementor-16481\/\">Edition ICOT \u30aa\u30fc\u30eb\u65b0\u4f5c\u6f14\u594f\u4f1a \u4eca\u3092\u751f\u304d\u308b\u4f5c\u66f2\u5bb6\u306e\u7fa4\u50cf VOL.2 \u90a6\u4eba\u4f5c\u66f2\u5bb6\u7de8<\/a><br \/>\n\u3000<\/strong>\u6e0b\u8c37\u533a\u7dcf\u5408\u6587\u5316\u30bb\u30f3\u30bf\u30fc\u5927\u548c\u7530 \u3055\u304f\u3089\u30db\u30fc\u30eb<br \/>\n\u3000\u958b\u5834 18:30 \/ \u958b\u6f14 19:00<br \/>\n\u3000\u6f14\u594f\u66f2\uff1a<a href=\"https:\/\/edition.icot.or.jp\/product\/5%e3%81%a4%e3%81%ae%e3%82%b9%e3%82%b1%e3%83%83%e3%83%81\/\">\u7121\u4f34\u594f\u5973\u58f0\u5408\u5531\u306e\u305f\u3081\u306e \uff15\u3064\u306e\u30b9\u30b1\u30c3\u30c1<\/a>\uff08\u7530\u4e2d \u9054\u4e5f\uff09<br \/>\n\u3000\u3000\u3000\u3000\u3000<a href=\"https:\/\/edition.icot.or.jp\/product\/%e5%b0%8f%e3%81%95%e3%81%aa%e8%8a%b1\/\">\u5973\u58f0\u5408\u5531\u3068\u30bd\u30d7\u30e9\u30ce\u30b5\u30af\u30bd\u30d5\u30a9\u30f3\u3001\u30d4\u30a2\u30ce\u306e\u305f\u3081\u306e \u5c0f\u3055\u306a\u82b1<\/a>\uff08\u540d\u7530 \u7dbe\u5b50\uff09<br \/>\n\u3000\u3000\u3000\u3000\u3000<a href=\"https:\/\/edition.icot.or.jp\/product\/%e3%81%af%e3%81%a4%e3%81%97%e3%81%90%e3%82%8c\/\">\u7121\u4f34\u594f\u6df7\u58f0\u5408\u5531\u306e\u305f\u3081\u306e \u306f\u3064\u3057\u3050\u308c<\/a>\uff08\u4e38\u5c3e \u559c\u4e45\u5b50\uff09<\/p>\n<h3>2022\u5e7410\u670814\u65e5(\u91d1)<\/h3>\n<p><a href=\"https:\/\/www.km60th.icot.or.jp\/\"><strong>\u677e\u4e0b \u8015\u3068\u4e16\u754c \u4eca\u3092\u751f\u304d\u308b\u4f5c\u66f2\u5bb6\u306e\u7fa4\u50cf<\/strong><\/a><br \/>\n\u3000\u6771\u4eac\u30aa\u30da\u30e9\u30b7\u30c6\u30a3 \u30b3\u30f3\u30b5\u30fc\u30c8\u30db\u30fc\u30eb\uff1a\u30bf\u30b1\u30df\u30c4\u30e1\u30e2\u30ea\u30a2\u30eb<br \/>\n\u3000\u958b\u5834 17:30 \/ \u958b\u6f14 18:30<br \/>\n\u3000\u6f14\u594f\u66f2\uff1a<a href=\"https:\/\/edition.icot.or.jp\/product\/aaronic-blessing\/\">Aaronic Blessing<\/a>\uff08Pawe\u0142 \u0141ukaszewski\uff09<br \/>\n\u3000\u3000\u3000\u3000\u3000<a href=\"https:\/\/edition.icot.or.jp\/product\/every-child-has-known-god\/\">Every child has known God<\/a>\uff08Ivo Antognini\uff09<br \/>\n\u3000\u3000\u3000\u3000\u3000<a href=\"https:\/\/edition.icot.or.jp\/product\/lignum-vitae\/\">Lignum vitae<\/a>\uff08Rihards Dubra\uff09<br \/>\n\u3000\u3000\u3000\u3000\u3000<a href=\"https:\/\/edition.icot.or.jp\/product\/four-glances-at-the-sky\/\">Four glances at the sky<\/a>\uff08Vytautas Mi\u0161kinis\uff09\u3000\u307b\u304b<\/p>\n<h3>2022\u5e741\u67088\u65e5(\u571f)<\/h3>\n<p><a href=\"https:\/\/edition.icot.or.jp\/2021\/11\/26\/elementor-10015\/\"><strong>Edition ICOT \u30aa\u30fc\u30eb\u65b0\u4f5c\u6f14\u594f\u4f1a<\/strong><\/a><br \/>\n\u3000\u5e9c\u4e2d\u306e\u68ee\u82b8\u8853\u5287\u5834 \u3069\u308a\u30fc\u3080\u30db\u30fc\u30eb<br \/>\n\u3000\u958b\u5834 13:30 \/ \u958b\u6f14 14:00<br \/>\n\u3000\u6f14\u594f\u66f2\uff1a<a href=\"https:\/\/edition.icot.or.jp\/product\/priere-mariale-de-saint-odilon\/\">Pri\u00e8re Mariale de Saint Odilon<\/a>\uff08Matteo Magistrali\uff09<br \/>\n\u3000\u3000\u3000\u3000\u3000<a href=\"https:\/\/edition.icot.or.jp\/product\/memorare\/\">Memorare<\/a>\uff08Ivo Antognini\uff09<br \/>\n\u3000\u3000\u3000\u3000\u3000<a href=\"https:\/\/edition.icot.or.jp\/product\/tanchame-%e8%b0%b7%e8%8c%b6%e5%89%8d\/\">\u8c37\u8336\u524d<\/a>\uff08\u677e\u4e0b \u8015\uff09\u3000\u307b\u304b<\/p>\n<h3>2021\u5e748\u670827\u65e5(\u91d1)<\/h3>\n<p><a href=\"http:\/\/www.icot.or.jp\/ja\/concerts_ja\/kabuki-2021\" target=\"_blank\" rel=\"noreferrer noopener\"><strong>Vocal Ensemble \u6b4c\u8b5c\u559c\u3000\uff0dKABUKI CONCERT\uff0d<\/strong><\/a><br \/>\n\u3000\u6e0b\u8c37\u533a\u6587\u5316\u7dcf\u5408\u30bb\u30f3\u30bf\u30fc\u5927\u548c\u7530 \u3055\u304f\u3089\u30db\u30fc\u30eb<br \/>\n\u3000\u958b\u583418:45 \/ \u958b\u6f1419:30<br \/>\n\u3000\u6f14\u594f\u66f2\uff1a[\u6d77\u5916\u30f4\u30a9\u30fc\u30ab\u30eb\u30fb\u30b0\u30eb\u30fc\u30d7\u306e\u30ec\u30d1\u30fc\u30c8\u30ea\u30fc\u304b\u3089]<br \/>\n\u3000\u3000\u3000\u3000\u3000\u3000Penny Lane\uff08The King's Singers\uff09<br \/>\n\u3000\u3000\u3000\u3000\u3000\u3000It don't mean a thing if it ain't got that swing<br \/>\n\u3000\u3000\u3000\u3000\u3000\u3000\u3000\uff08The Real Group\uff09<br \/>\n\u3000\u3000\u3000\u3000\u3000\u3000The Wild Song\uff08An\u00fana\uff09<br \/>\n\u3000\u3000\u3000\u3000\u3000\u3000V\u00f6ra bije\uff08Ingenium Ensemble\uff09\u3000\u307b\u304b<br \/>\n\u3000\u3000\u3000\u3000\u3000[\u5317\u6b27\u306e\u5408\u5531\u4f5c\u54c1]<br \/>\n\u3000\u3000\u3000\u3000\u3000\u3000En reell halling\uff08H\u00e5vard Gravdal\uff09<br \/>\n\u3000\u3000\u3000\u3000\u3000\u3000Pakkanen\uff08Solia Sariola\uff09<br \/>\n\u3000\u3000\u3000\u3000\u3000\u3000Muusika\uff08P\u00e4rt Uusberg\uff09<br \/>\n\u3000\u3000\u3000\u3000\u3000\u3000L\u00e4ksin min\u00e4 kes\u00e4y\u00f6n\u00e4 k\u00e4ym\u00e4\u00e4n\uff08Jussi Chydenius\uff09<br \/>\n\u3000\u3000\u3000\u3000\u3000\u3000\u307b\u304b<\/p>\n<h3>2021\u5e748\u670826\u65e5(\u6728)<\/h3>\n<p><a href=\"http:\/\/www.icot.or.jp\/ja\/concerts_ja\/maeda-2021\" target=\"_blank\" rel=\"noreferrer noopener\"><strong>\u524d\u7530\u52dd\u5247\u30d4\u30a2\u30ce\u30ea\u30b5\u30a4\u30bf\u30eb<\/strong><\/a><br \/>\n\u3000\u8c4a\u6d32\u30b7\u30d3\u30c3\u30af\u30bb\u30f3\u30bf\u30fc\u30db\u30fc\u30eb<br \/>\n\u3000\u958b\u583418:45 \/ \u958b\u6f1419:30<br \/>\n\u3000\u6f14\u594f\u66f2\uff1a[\u30e9\u30f4\u30a7\u30eb] \u30af\u30fc\u30d7\u30e9\u30f3\u306e\u5893<br \/>\n\u3000\u3000\u3000\u3000\u3000[\u30b7\u30e7\u30d1\u30f3] \u30b9\u30b1\u30eb\u30c4\u30a9\u7b2c1\u756a\u3001\u7b2c2\u756a\u3001\u7b2c3\u756a\u3001\u7b2c4\u756a<br \/>\n\u3000\u3000\u3000\u3000\u3000\u3000\u307b\u304b<\/p>\n<h3>2020\u5e7411\u670818\u65e5(\u65e5)<\/h3>\n<p>Edition ICOT\u958b\u8a2d\u8a18\u5ff5\u6f14\u594f\u4f1a<br \/>\n\u3000\u5e9c\u4e2d\u306e\u68ee\u82b8\u8853\u5287\u5834 \u30a6\u30a3\u30fc\u30f3\u30db\u30fc\u30eb<br \/>\n\u300013:45 \u958b\u5834\u300014:30 \u958b\u6f14\u300016:00 \u7d42\u6f14\u4e88\u5b9a<br \/>\n\u3000\u6f14\u594f\u66f2\uff1a\u3000<a href=\"https:\/\/edition.icot.or.jp\/product\/the-two-legacies\/\">\u300cThe Two Legacies\u300d<\/a>(Barna Szab\u00f3 \u66f2\/Emily Dickinson \u8a69)<br \/>\n\u3000\u3000\u3000\u3000\u3000\u3000 <a href=\"https:\/\/edition.icot.or.jp\/product\/hymnus\/\">\u300cHYMNUS\u300d<\/a>(Gy\u00f6rgy Orb\u00e1n \u66f2)<br \/>\n\u3000\u3000\u3000\u3000\u3000\u3000 <a href=\"https:\/\/edition.icot.or.jp\/product\/%e3%81%a8%e3%82%82%e3%81%a0%e3%81%a1%e3%81%af%e3%81%9f%e3%81%8b%e3%82%89%e3%82%82%e3%81%ae\/\">\u300c\u3068\u3082\u3060\u3061\u306f\u305f\u304b\u3089\u3082\u306e\u300d<\/a>(\u677e\u4e0b \u8015 \u66f2\/\u7acb\u5ddd\u7531\u5e0c\u5b50\u30fb\u571f\u4e95\u4f38\u6c5f \u8a69)<br \/>\n\u00a0 \u00a0 \u00a0 \u00a0 \u00a0 \u00a0 \u00a0 \u00a0 \u00a0 \u00a0\u307b\u304b<\/p>\n<\/div><\/div><\/div><\/div><\/div>\n\n\n\n<p><\/p>\n","protected":false},"excerpt":{"rendered":"<p>2025\u5e745\u67081\u65e5(\u6728)\u30dd\u30fc\u30eb\u30fb\u30b9\u30df\u30b9\u3000\u6765\u65e5\u30ef\u30fc\u30af\u30b7\u30e7\u30c3\u30d7 \u4f1a\u5834\uff1a\u6749\u4e26\u516c\u4f1a\u5802 \u5c0f\u30db\u30fc\u30eb16:00- \u500b\u4eba\u30ec\u30c3\u30b9\u30f3(\u8074\u8b1b\u306e\u307f\u7533\u8fbc\u53d7\u4ed8\u4e2d)19:30- \u30ef\u30fc\u30af\u30b7\u30e7\u30c3\u30d7Nunc Dimittis \u4f5c\u66f2 Paul SmithLo &hellip; <\/p>\n<p class=\"link-more\"><a href=\"https:\/\/www.icot.or.jp\/?page_id=1135&#038;lang=ja\" class=\"more-link\"><span class=\"screen-reader-text\">&#8220;\u4e3b\u50ac\u516c\u6f14&#8221; \u306e<\/span>\u7d9a\u304d\u3092\u8aad\u3080<\/a><\/p>\n","protected":false},"author":1,"featured_media":0,"parent":0,"menu_order":0,"comment_status":"closed","ping_status":"closed","template":"","meta":{"footnotes":""},"_links":{"self":[{"href":"https:\/\/www.icot.or.jp\/index.php?rest_route=\/wp\/v2\/pages\/1135"}],"collection":[{"href":"https:\/\/www.icot.or.jp\/index.php?rest_route=\/wp\/v2\/pages"}],"about":[{"href":"https:\/\/www.icot.or.jp\/index.php?rest_route=\/wp\/v2\/types\/page"}],"author":[{"embeddable":true,"href":"https:\/\/www.icot.or.jp\/index.php?rest_route=\/wp\/v2\/users\/1"}],"replies":[{"embeddable":true,"href":"https:\/\/www.icot.or.jp\/index.php?rest_route=%2Fwp%2Fv2%2Fcomments&post=1135"}],"version-history":[{"count":20,"href":"https:\/\/www.icot.or.jp\/index.php?rest_route=\/wp\/v2\/pages\/1135\/revisions"}],"predecessor-version":[{"id":1716,"href":"https:\/\/www.icot.or.jp\/index.php?rest_route=\/wp\/v2\/pages\/1135\/revisions\/1716"}],"wp:attachment":[{"href":"https:\/\/www.icot.or.jp\/index.php?rest_route=%2Fwp%2Fv2%2Fmedia&parent=1135"}],"curies":[{"name":"wp","href":"https:\/\/api.w.org\/{rel}","templated":true}]}}